0000
In base 14, what is 9 - 26?
-1b
In base 8, what is -5 - -110?
103
In base 11, what is 1a + 359?
378
In base 8, what is 253 + 62?
335
In base 16, what is 92ef + -3?
92ec
In base 10, what is -12 - -1188?
1176
In base 14, what is 1 + 28?
29
In base 4, what is -1012032 - 3?
-1012101
In base 16, what is 899 - 4?
895
In base 11, what is -116 - 1?
-117
In base 11, what is -2 + 129a?
1298
In base 12, what is 138 - -4?
140
In base 4, what is 10223 - 1?
10222
In base 16, what is 5e + 1?
5f
In base 13, what is 2 - -9ab?
9b0
In base 15, what is 2b - -5b?
87
In base 2, what is 100 + -1110000?
-1101100
In base 8, what is -3 - 156?
-161
In base 11, what is -60 - aa?
-15a
In base 11, what is -2aa2 - -1?
-2aa1
In base 2, what is 1011 - -1110100010?
1110101101
In base 9, what is -4 - -548?
544
In base 5, what is -3433 - 10?
-3443
In base 7, what is -1 + 1631?
1630
In base 14, what is 36b - -5?
372
In base 16, what is 1c + -5?
17
In base 7, what is 0 - 116?
-116
In base 12, what is 17b + -1?
17a
In base 10, what is 2 + -157?
-155
In base 9, what is -184 + 8?
-175
In base 15, what is -6 + -34?
-3a
In base 6, what is -4 + 25514?
25510
In base 7, what is 464 + 2?
466
In base 8, what is 3 + -61?
-56
In base 3, what is 1 - -21100?
21101
In base 8, what is 1174 - -21?
1215
In base 11, what is -5 - 146?
-150
In base 16, what is cb - 1d?
ae
In base 12, what is -aa - -19?
-91
In base 13, what is 44 - -7?
4b
In base 10, what is -19 + -6?
-25
In base 4, what is 23 + -11?
12
In base 12, what is 540 - 5?
537
In base 7, what is 5 + 1136?
1144
In base 4, what is 133 - 3121?
-2322
In base 13, what is 0 + -677?
-677
In base 13, what is 1b + -31?
-13
In base 14, what is 21 - -1?
22
In base 8, what is -4 + 306?
302
In base 15, what is -5 + -276?
-27b
In base 5, what is -210 + 10?
-200
In base 4, what is 2201 + -11?
2130
In base 6, what is 10133 - 4?
10125
In base 5, what is -2310 - -1?
-2304
In base 7, what is -4 + -65?
-102
In base 5, what is 12 + -204?
-142
In base 7, what is -2 - 131?
-133
In base 6, what is -3 - 1302?
-1305
In base 10, what is -38 - -155?
117
In base 16, what is -6 + 7a?
74
In base 2, what is -10010 - 100001111?
-100100001
In base 4, what is 2101 - 3?
2032
In base 12, what is 110 - -75?
185
In base 11, what is -5 + 451?
447
In base 12, what is 4 - 580?
-578
In base 14, what is b - -6?
13
In base 9, what is 388 - -6?
405
In base 2, what is -1 - -11000?
10111
In base 14, what is 6c - 17?
55
In base 6, what is 124 + 5?
133
In base 15, what is 1c + 6e?
8b
In base 6, what is -1050 - -2?
-1044
In base 11, what is 4a1 + -3?
499
In base 14, what is -4ab5 - -3?
-4ab2
In base 15, what is 7b - -2?
7d
In base 14, what is 31 - 9?
26
In base 8, what is 6 + 330?
336
In base 2, what is 1010 + 101000?
110010
In base 2, what is 100001110 - -11?
100010001
In base 11, what is -79 - -1?
-78
In base 16, what is 3aad - 1?
3aac
In base 11, what is 54 - -39?
92
In base 12, what is -5 - 178b?
-1794
In base 16, what is 6 - -2f6?
2fc
In base 12, what is -3529 - -1?
-3528
In base 15, what is -5 - -51?
4b
In base 6, what is 12 + -1222?
-1210
In base 2, what is -10001011 - -10?
-10001001
In base 15, what is -7 - 3?
-a
In base 14, what is -3 + 3?
0
In base 11, what is 0 + 5a?
5a
In base 15, what is b + -133?
-127
In base 9, what is 82 + -3?
78
In base 5, what is -1 + -22243?
-22244
In base 15, what is -121 - -3?
-11d
In base 8, what is -4 - -3275?
3271
In base 11, what is -43 + 8?
-36
In base 11, what is -444 + -8?
-451
In base 16, what is -3f8 - -3?
-3f5
In base 7, what is -463 - -12?
-451
In base 4, what is 1112121 + -10?
1112111
In base 9, what is -30 + -17?
-47
In base 15, what is 22 + -3?
1e
In base 12, what is 4610 + 0?
4610
In base 9, what is 25 + 6?
32
In base 11, what is -1199 + -3?
-11a1
In base 15, what is 380 - 0?
380
In base 3, what is -20 - -120?
100
In base 4, what is -11 + 122023?
122012
In base 9, what is 0 + 2620?
2620
In base 11, what is 2 + -2?
0
In base 12, what is 5 - 7bb?
-7b6
In base 13, what is 1 + 15?
16
In base 15, what is 2 - -dd?
e0
In base 5, what is -3 - -22021?
22013
In base 12, what is -37 + 59?
22
In base 12, what is -2 - a60?
-a62
In base 5, what is 13 - 1001?
-433
In base 13, what is 1b1 + 3?
1b4
In base 15, what is -1a4 + -9?
-1ad
In base 12, what is 233 + -2?
231
In base 16, what is -16 + d?
-9
In base 16, what is 5 - -e4?
e9
In base 12, what is 3 - -148?
14b
In base 7, what is 5 + 21?
26
In base 3, what is -10210 - -11?
-10122
In base 6, what is 3 + 420?
423
In base 12, what is 19b - 0?
19b
In base 7, what is 411 - 3?
405
In base 11, what is 9 + 569?
577
In base 8, what is -2 - -72?
70
In base 15, what is 1506 - -1?
1507
In base 2, what is -101 + 110011?
101110
In base 11, what is -5 - 17a?
-184
In base 6, what is 44 - 11?
33
In base 8, what is -2 - 170?
-172
In base 14, what is -3 - 33d?
-342
In base 5, what is 404124 + -10?
404114
In base 10, what is -3 - -592?
589
In base 12, what is 56 + -3?
53
In base 7, what is 2 - 13?
-11
In base 9, what is 367 + 0?
367
In base 4, what is -2 + 3022?
3020
In base 7, what is -5 - 12?
-20
In base 13, what is -35 + 16?
-1c
In base 8, what is 0 - -646?
646
In base 8, what is -545 + -3?
-550
In base 6, what is 5 - -232?
241
In base 14, what is -1762 + -4?
-1766
In base 2, what is -1000110011 - 100?
-1000110111
In base 3, what is 220200 - -110?
221010
In base 8, what is 16 + -30?
-12
In base 2, what is -11 - 110101010?
-110101101
In base 12, what is -2212 - -4?
-220a
In base 12, what is 3 + -7?
-4
In base 15, what is -4e1 - 1?
-4e2
In base 9, what is -4 - -3?
-1
In base 6, what is 1 - -1510?
1511
In base 4, what is 11 + -311233?
-311222
In base 9, what is -283 - 6?
-300
In base 6, what is 11212 + -3?
11205
In base 16, what is 406 + -9?
3fd
In base 3, what is 11 - -10?
21
In base 2, what is -100 - 11100101?
-11101001
In base 6, what is -2 + 454?
452
In base 2, what is 111 + 10001001000?
10001001111
In base 2, what is -110 - -1100?
110
In base 8, what is -6313 - 5?
-6320
In base 6, what is -3 - 32?
-35
In base 14, what is -21 + 16?
-9
In base 7, what is 233 - 103?
130
In base 16, what is -24f + -8?
-257
In base 3, what is 10000 + -22?
2201
In base 6, what is -11 - 115?
-130
In base 4, what is -1220 - 1?
-1221
In base 13, what is 584 - 0?
584
In base 15, what is 15 + 15a?
170
In base 14, what is -9 - -396?
38b
In base 14, what is -3329 - 5?
-3330
In base 11, what is -5 + -355?
-35a
In base 16, what is -1973 + -4?
-1977
In base 4, what is 2 + 1231?
1233
In base 3, what is 210 + 212?
1122
In base 12, what is -22 + -13?
-35
In base 9, what is -10 + 5275?
5265
In base 14, what is -3 + 4d?
4a
In base 6, what is -4 + 41?
33
In base 10, what is 110 + -37?
73
In base 8, what is 1 - 504?
-503
In base 15, what is 16 + -11?
5
In base 15, what is -2 + 2a04?
2a02
In base 8, what is -5 + 617?
612
In base 11, what is -6 + -60?
-66
In base 12, what is 1 - -148?
149
In base 15, what is -6 + -1c38?
-1c3e
In base 8, what is -1 - -22?
21
In base 6, what is 10150 - -4?
10154
In base 4, what is -10 + -330?
-1000
In base 10, what is -77 + 1?
-76
In base 15, what is -5 - -8c0?
8ba
In base 10, what is -14 + 40?
26
In base 4, what is 22 - 10?
12
In base 3, what is -111220 + -10?
-112000
In base 10, what is 4 + -49?
-45
In base 6, what is 0 - -3305?
3305
In base 4, what is -1320 + -2?
-1322
In base 2, what is -1 + -1001111?
-1010000
In base 16, what is -1 + -155e?
-155f
In base 6, what is -3 + 4353?
4350
In base 3, what is 21 + 101121?
101212
In base 7, what is 2 + 3125?
3130
In base 13, what is 9 + -1?
8
In base 11, what is -3 - 6?
-9
In base 7, what is 5 + 55?
63
In base 10, what is -7 + -62?
-69
In base 9, what is -3 + -32?
-35
In base 4, what is -2 + 1?
-1
In base 16, what is -3ef + 2?
-3ed
In base 15, what is -4 - -89?
85
In base 8, what is -64 + 11?
-53
In base 5, what is 10 - 341?
-331
In base 8, what is -3 + 3411?
3406
In base 6, what is 353 - 14?
335
In base 16, what is 4f + -45?
a
In base 11, what is -38 - 117?
-154
In base 3, what is -2211 - -22?
-2112
In base 10, what is -68 + 3?
-65
In base 5, what is 110 + 13?
123
In base 3, what is 112210 + -11?
112122
In base 2, what is 10 - 1110010?
-1110000
In base 5, what is 304430 + -2?
304423
In base 10, what is 2 - -227?
229
In base 12, what is 276 - -1?
277
In base 16, what is -24 - 